{"id":15,"date":"2025-08-30T20:49:10","date_gmt":"2025-08-30T18:49:10","guid":{"rendered":"https:\/\/www.urmostanckor.hu\/?page_id=15"},"modified":"2025-10-09T12:35:22","modified_gmt":"2025-10-09T10:35:22","slug":"rolunk","status":"publish","type":"page","link":"https:\/\/www.urmostanckor.hu\/?page_id=15","title":{"rendered":"R\u00f3lunk"},"content":{"rendered":"\n<p>Minden ember \u00e9let\u00e9ben sz\u00fcks\u00e9g van valamire, ami a szenved\u00e9ly\u00e9v\u00e9 v\u00e1lik. Az \u00dcrm\u00f6s T\u00e1nck\u00f6r egy olyan t\u00e1nccsoport, amit a magyar n\u00e9pt\u00e1nc \u00e9s hagyom\u00e1nyaink meg\u0151rz\u00e9se kov\u00e1csolt \u00f6ssze, nem csup\u00e1n egy er\u0151s k\u00f6z\u00f6ss\u00e9gg\u00e9, de maradand\u00f3 bar\u00e1ti t\u00e1rsas\u00e1gg\u00e1 is.<\/p>\n\n\n\n<div style=\"height:8px\" aria-hidden=\"true\" class=\"wp-block-spacer\"><\/div>\n\n\n\n<p>Az \u00dcrm\u00f6s megalakul\u00e1s\u00e1t a &#8220;Ki mit tud?&#8221; vet\u00e9lked\u0151 inspir\u00e1lta. Ehhez a programsorozathoz k\u00f6thet\u0151 az egy\u00fcttes els\u0151 fell\u00e9p\u00e9se 1983-ban, valamint a t\u00e9v\u00e9s szerepl\u00e9sig val\u00f3 eljut\u00e1s. Kezdetben a t\u00e1nck\u00f6r tagjai az Erd\u00e9szeti \u00e9s Faipari Egyetemen, valamint \u00d3v\u00f3n\u0151k\u00e9pz\u0151 Int\u00e9zetben tanul\u00f3 di\u00e1kok voltak. Az egy\u00fcttest, n\u00e9gy tapasztalt t\u00e1ncos alap\u00edtotta meg, Merczel Istv\u00e1n, Palenik J\u00f3zsef, S\u00e1ra Ferenc \u00e9s Varga J\u00e1nos, aki a kezdetekt\u0151l fogva a vezet\u0151je volt.<\/p>\n\n\n<div class=\"wp-block-image\">\n<figure class=\"aligncenter size-large is-resized\"><img loading=\"lazy\" decoding=\"async\" width=\"1024\" height=\"683\" src=\"https:\/\/www.urmostanckor.hu\/wp-content\/uploads\/2025\/09\/DSC07328-1024x683.jpg\" alt=\"\" class=\"wp-image-235\" style=\"width:579px;height:auto\" srcset=\"https:\/\/www.urmostanckor.hu\/wp-content\/uploads\/2025\/09\/DSC07328-1024x683.jpg 1024w, https:\/\/www.urmostanckor.hu\/wp-content\/uploads\/2025\/09\/DSC07328-300x200.jpg 300w, https:\/\/www.urmostanckor.hu\/wp-content\/uploads\/2025\/09\/DSC07328-768x512.jpg 768w, https:\/\/www.urmostanckor.hu\/wp-content\/uploads\/2025\/09\/DSC07328-1536x1024.jpg 1536w, https:\/\/www.urmostanckor.hu\/wp-content\/uploads\/2025\/09\/DSC07328-2048x1365.jpg 2048w\" sizes=\"auto, (max-width: 1024px) 100vw, 1024px\" \/><\/figure>\n<\/div>\n\n\n<p>Megnyitott\u00e1k a kezd\u0151k sz\u00e1m\u00e1ra is a n\u00e9pt\u00e1nc tanul\u00e1s lehet\u0151s\u00e9g\u00e9t, melynek k\u00f6vetkezt\u00e9ben nagy l\u00e9tsz\u00e1m\u00fa egy\u00fcttes\u00e9 v\u00e1lhatott a t\u00e1nck\u00f6r. Az egyetemi hallgat\u00f3k k\u00f6z\u00fcl akadt, aki m\u00e1r kisgyerek kora \u00f3ta t\u00e1ncolt, de az ellenkez\u0151je is el\u0151fordult, olyan, aki itt figyelt fel el\u0151sz\u00f6r a magyar n\u00e9pzen\u00e9re. M\u00e9gis mindenki megtal\u00e1lta a hely\u00e9t ebben a k\u00f6z\u00f6ss\u00e9gben, ugyanis mindannyiunkban megvan egy olyan kapocs, amelynek hatalmas k\u00f6z\u00f6ss\u00e9gkov\u00e1csol\u00f3 ereje van: a kult\u00far\u00e1nk ir\u00e1nti szeretet \u00e9s tisztelet.<\/p>\n\n\n\n<div style=\"height:8px\" aria-hidden=\"true\" class=\"wp-block-spacer\"><\/div>\n\n\n\n<p>Ennek jegy\u00e9ben igyeksz\u00fcnk t\u00e1ncainkat legjobb tud\u00e1sunk szerint, sz\u00ednvonalasan elsaj\u00e1t\u00edtani, valamint bemutatni. Az egyetemi hagyom\u00e1nyok r\u00e9szek\u00e9nt \u00e9vr\u0151l-\u00e9vre mi nyitjuk meg a hallgat\u00f3k \u00e1ltal rendezett b\u00e1lokat. Emellett szervez\u00fcnk saj\u00e1t programokat is, melyekkel szeretn\u00e9nk felh\u00edvni az \u00e9rdekl\u0151d\u00f6k figyelm\u00e9t a magyar kult\u00fara sz\u00e9ps\u00e9geire. Ilyenek a t\u00e1nctan\u00edt\u00e1ssal egybek\u00f6t\u00f6tt t\u00e1nch\u00e1zaink \u00e9s t\u00e1boraink, illetve a Folk Szabadegyetem c\u00edm\u0171 el\u0151ad\u00e1ssorozatunk is.<br>A fell\u00e9p\u00e9sek \u00e9s rendezv\u00e9nyek mellett nagy jelent\u0151s\u00e9get tulajdon\u00edtunk a k\u00f6z\u00f6ss\u00e9get er\u0151s\u00edt\u0151 programoknak, mint a k\u00f6z\u00f6s t\u00far\u00e1z\u00e1s, s\u00fct\u00f6get\u00e9sek, vagy az \u00fcnnepekre val\u00f3 k\u00e9sz\u00fcl\u0151d\u00e9sek.<\/p>\n\n\n\n<div style=\"height:8px\" aria-hidden=\"true\" class=\"wp-block-spacer\"><\/div>\n\n\n\n<p>Az id\u0151k folyam\u00e1n sz\u00e1mos n\u00e9pt\u00e1nctan\u00e1r megfordult egy\u00fcttes\u00fcnkn\u00e9l, 2017. szeptember\u00e9t\u0151l azonban elmondhatjuk, hogy az \u00dcrm\u00f6s egyik l\u00e9treh\u00edv\u00f3ja, Varga J\u00e1nos &#8220;Boxos&#8221; vette mag\u00e1hoz ism\u00e9telten az oktat\u00f3i feladatokat. Egy\u00fcttes\u00fcnk jelenleg t\u00f6bb mint h\u00fasz f\u0151vel b\u00fcszk\u00e9lkedik, \u00e9s az egyetemist\u00e1k mellett m\u00e1s \u00e9rdekl\u0151d\u0151ket is szeretettel fogadunk. Tagl\u00e9tsz\u00e1munk azonban \u00e9vr\u0151l \u00e9vre k\u00e9pes hatalmas v\u00e1ltoz\u00e1sokon \u00e1tmenni, ugyanis f\u0151k\u00e9nt egyetemist\u00e1kb\u00f3l t\u00e1pl\u00e1lkoz\u00f3 csoport r\u00e9v\u00e9n a v\u00e9gzett hallgat\u00f3kt\u00f3l az esetek t\u00f6bbs\u00e9g\u00e9ben k\u00e9nytelenek vagyunk b\u00facs\u00fat venni, m\u00edg rem\u00e9nyked\u00fcnk, hogy a leend\u0151 els\u0151s\u00f6k k\u00f6z\u00fcl csatlakoznak hozz\u00e1nk \u00faj t\u00e1ncosok.<\/p>\n\n\n\n<div style=\"height:8px\" aria-hidden=\"true\" class=\"wp-block-spacer\"><\/div>\n\n\n\n<p>V\u00e9gezet\u00fcl, sorainkat egy sz\u00e1munkra kedves id\u00e9zettel z\u00e1rjuk, hiszen k\u00f6z\u00fcl\u00fcnk sokan egy az egyben \u00edgy \u00e9lj\u00fck meg a t\u00e1nctanul\u00e1st:<\/p>\n\n\n\n<div style=\"height:8px\" aria-hidden=\"true\" class=\"wp-block-spacer\"><\/div>\n\n\n\n<p><em>&#8220;A t\u00e1nc nem szenved\u00e9ly az elej\u00e9n, csak egy \u00e9let\u00e9rz\u00e9s, belekezdesz \u00e9s nem tudod abba hagyni!<br>Ekkor v\u00e1lik szenved\u00e9lly\u00e9!&#8221;&nbsp; &nbsp;<\/em>(Tomcs\u00e1nyi Kata)<\/p>\n\n\n\n<p><\/p>\n","protected":false},"excerpt":{"rendered":"<p>Minden ember \u00e9let\u00e9ben sz\u00fcks\u00e9g van valamire, ami a szenved\u00e9ly\u00e9v\u00e9 v\u00e1lik. Az \u00dcrm\u00f6s T\u00e1nck\u00f6r egy olyan t\u00e1nccsoport, amit a magyar n\u00e9pt\u00e1nc \u00e9s hagyom\u00e1nyaink meg\u0151rz\u00e9se kov\u00e1csolt \u00f6ssze, nem csup\u00e1n egy er\u0151s k\u00f6z\u00f6ss\u00e9gg\u00e9, de maradand\u00f3 bar\u00e1ti t\u00e1rsas\u00e1gg\u00e1 is. Az \u00dcrm\u00f6s megalakul\u00e1s\u00e1t a &#8220;Ki mit tud?&#8221; vet\u00e9lked\u0151 inspir\u00e1lta. Ehhez a programsorozathoz k\u00f6thet\u0151 az egy\u00fcttes els\u0151 fell\u00e9p\u00e9se 1983-ban, valamint a [&hellip;]<\/p>\n","protected":false},"author":1,"featured_media":0,"parent":0,"menu_order":0,"comment_status":"closed","ping_status":"closed","template":"","meta":{"footnotes":""},"class_list":["post-15","page","type-page","status-publish","hentry"],"_links":{"self":[{"href":"https:\/\/www.urmostanckor.hu\/index.php?rest_route=\/wp\/v2\/pages\/15","targetHints":{"allow":["GET"]}}],"collection":[{"href":"https:\/\/www.urmostanckor.hu\/index.php?rest_route=\/wp\/v2\/pages"}],"about":[{"href":"https:\/\/www.urmostanckor.hu\/index.php?rest_route=\/wp\/v2\/types\/page"}],"author":[{"embeddable":true,"href":"https:\/\/www.urmostanckor.hu\/index.php?rest_route=\/wp\/v2\/users\/1"}],"replies":[{"embeddable":true,"href":"https:\/\/www.urmostanckor.hu\/index.php?rest_route=%2Fwp%2Fv2%2Fcomments&post=15"}],"version-history":[{"count":7,"href":"https:\/\/www.urmostanckor.hu\/index.php?rest_route=\/wp\/v2\/pages\/15\/revisions"}],"predecessor-version":[{"id":381,"href":"https:\/\/www.urmostanckor.hu\/index.php?rest_route=\/wp\/v2\/pages\/15\/revisions\/381"}],"wp:attachment":[{"href":"https:\/\/www.urmostanckor.hu\/index.php?rest_route=%2Fwp%2Fv2%2Fmedia&parent=15"}],"curies":[{"name":"wp","href":"https:\/\/api.w.org\/{rel}","templated":true}]}}